5*l + r. What are the prime factors of (-12311)/(-169) - (-1 - 22/m)?
73
Let h(d) = 6*d + 108. Let m be h(-18). Suppose m = 17*p - 12*p - 1840. List the prime factors of p.
2, 23
Suppose -f + 6156 = 2*c, 69*f + 3*c + 30754 = 74*f. List the prime factors of f.
2, 769
Let u be (-21 - -1)/(-10 - -8). Let b(t) = -22 + 18 - u - 19*t. List the prime factors of b(-4).
2, 31
What are the prime factors of 22/(-18)*-9 + 1734?
5, 349
Let k be 54/(-9) - (1 - -2)*-74. Suppose k*h + 24939 = 233*h. List the prime factors of h.
3, 163
Let a be 0*(-3 + 1 - -3). Suppose a*n = -o - 5*n + 82, 0 = o - 3*n - 66. List the prime factors of o.
2, 3
Suppose 4*t + 106 = -4*f + 266, t - 50 = -3*f. Suppose -t*s + 1746 = -26*s. What are the prime factors of s?
2, 97
Suppose 0 = -24*v + 9340 + 76916. List the prime factors of v.
2, 3, 599
Suppose 0*c + 253800 = 90*c. List the prime factors of c.
2, 3, 5, 47
Let r(g) = -2*g - 2. Let c be r(-2). Let x be 13/(-26)*(-65 + 1)/c. What are the prime factors of -1 - 680/(-12) - x/(-12)?
3, 19
Suppose 0 = 3*m + 3*z - 1374, -2*m + 3*z = 250 - 1156. Suppose -4*w = 2*j + 559 - 2425, w - m = 3*j. List the prime factors of w.
3, 5, 31
Let x(p) = 37*p**2 - 60*p - 48. What are the prime factors of x(5)?
577
Let y(b) = 2*b**2 + 6*b + 12. Let l be y(-4). Suppose -700 = -22*j + l*j. Suppose 3*p - 5*o - 335 = 0, 3*p + 0*p - j = 2*o. What are the prime factors of p?
2, 3, 5
List the prime factors of 2548/21*66 + 11.
3, 11
Let z(o) = 5*o**2 + 5*o - 49. Let v be z(-18). Let s = 2180 - v. What are the prime factors of s?
3, 233
Let c(x) be the third derivative of 7/8*x**4 + 1/30*x**5 + 0*x - 6 + 2*x**2 - 2*x**3. List the prime factors of c(-17).
11, 19
What are the prime factors of (9 - 6 - -20905)/4?
5227
Suppose 0 = -867*a + 932*a - 332475. List the prime factors of a.
3, 5, 11, 31
Let x(w) = 912*w - 3108. List the prime factors of x(36).
2, 3, 2477
Suppose 0 = -2*y - 2*y + 5*b + 20, b = -y + 5. Suppose -y = -c, -c + 122 + 6 = 3*k. Suppose 4*z + 9 - k = 4*w, 15 = 2*z - w. What are the prime factors of z?
7
Let n(o) be the second derivative of 17*o**3/2 - 29*o**2 + 37*o - 1. List the prime factors of n(14).
2, 41
Let r be (-10 - -8)*(-73)/2. What are the prime factors of r*3 + 0 + (-18)/(-6)?
2, 3, 37
Suppose 3*k - 50 = 10. List the prime factors of (9 - 195/k)/((-1)/52).
3, 13
Let b(w) = 41*w**2 - 355*w + 7814. What are the prime factors of b(24)?
2, 5, 29, 79
Let t(j) = j**3 - 27*j**2 + 24*j + 51. Let g be t(26). Let f(n) = -66*n**3 + n**2 + 2*n. What are the prime factors of f(g)?
5, 13
Let m = 93 + -91. Suppose -4*x + 172 = 3*w, m*x + 2*w - 4*w - 72 = 0. List the prime factors of (x/14)/((-22)/(-77)).
2, 5
Let y(x) = 1 - 3*x**2 + 4*x**2 - x - x. Let r be y(2). What are the prime factors of (130 - -1)/(-1 - (r - 3))?
131
Let p(i) be the first derivative of 4*i**3/3 - 3*i**2 - 9*i + 15. Let q be p(-7). Suppose f = -5*k + q, 0*f = 4*k + 2*f - 188. What are the prime factors of k?
3, 5
Let r be -2*2*(-3)/((-12)/(-8)). List the prime factors of r/(-6) + (-1045)/(-3).
347
Let k(q) = -356*q - 5. Suppose 2*d + 2*d + 14 = -5*s, 3*s = 3*d - 3. List the prime factors of k(s).
7, 101
Let x be 1606/(22/26 - (-36)/234). Suppose -4*n - 2*c + 3230 = 0, -2*n + 0*c = -2*c - x. List the prime factors of n.
2, 13, 31
Let m be ((-12)/(-10))/(10/(-5725)). Let u be (-1)/(-2) + (-4)/(8/m). Suppose 0 = -4*x + 2*c + 674, -u = 5*x - 3*c - 1184. List the prime factors of x.
3, 19
What are the prime factors of 0 + 16 - (-106 - 21004)?
2, 3, 7, 503
Let f(c) = c**3 - 11*c**2 + 19*c - 7. Let w be f(9). Suppose -w*q - i + 3770 = q, -4*i + 8 = 0. List the prime factors of q.
2, 157
Let g be (0 + -1)*-64 - 4. Let a = 67 - g. Suppose 0 = -a*x + 3*x + 12. List the prime factors of x.
3
Let a(i) = 3*i + 11. Let u be a(-3). Suppose u*y - 3*y = 5*o - 5906, -4*o + y = -4723. List the prime factors of o.
1181
Let l(s) = -s**3 - 5*s**2 - s - 2. Let r be l(-5). Suppose -2*v - 36 + 222 = 2*j, 0 = r*j. List the prime factors of v.
3, 31
What are the prime factors of (3/(-24)*742)/((-6)/72)?
3, 7, 53
What are the prime factors of 935/187 + (-1 - -3259*1)?
13, 251
Let w(t) = -141*t - 8. Let j be w(-2). Suppose 172 = -273*f + j*f. What are the prime factors of f?
2, 43
Suppose 139260 - 284844 = -23*r + 183960. List the prime factors of r.
2, 3, 199
What are the prime factors of 69/828 - 153599/(-12)?
2, 5
Suppose 0 = -64*f + 73*f - 16776. Let h = f + -1139. What are the prime factors of h?
5, 29
Let c = -85 - -242. Let q(f) = f**3 + 6*f**2 - 8*f + 2. Let n be q(-7). What are the prime factors of 0/(-4 + n) + c?
157
Let r be 424 + -3 + 3 + -3. Let n = 1149 - r. What are the prime factors of n?
2, 7, 13
Let f(w) = 15*w - 88. Let h be f(19). Let d = 692 + h. What are the prime factors of d?
7, 127
Suppose -4*z - 4 = 44. What are the prime factors of 2/z + 11714/(-24)*-2?
2, 61
Suppose 5*y + 24 = 9*y. List the prime factors of 5 + 73*(7 - y).
2, 3, 13
Suppose 0 = 12*n - 7*n + 5*z - 81985, 5*z + 16367 = n. List the prime factors of n.
2, 3, 683
Let b = 87 - -13. Suppose 2*r = -b + 544. What are the prime factors of r?
2, 3, 37
List the prime factors of 1/(-5)*-161732*(-55)/(-44).
40433
Let n = -4440 + 10492. Suppose -23*j + 1653 = -n. What are the prime factors of j?
5, 67
Let h = -556 + 819. Suppose j = 8*j - 469. Suppose 0 = -4*p + h - j. What are the prime factors of p?
7
Let n be (-9)/9 + (2 - -1). Suppose -2*y = -5*k + 12 + n, -4*k + 10 = -y. What are the prime factors of (-457)/y - 9/6?
227
Let j be (11 + 2 + -4)*1230/18. Let m = 868 - j. List the prime factors of m.
11, 23
Let w(l) = l**3 + 23*l**2 + 12*l - 34. Suppose -n + 2*n = -22. List the prime factors of w(n).
2, 3, 31
Let r = 35128 - 12268. What are the prime factors of r?
2, 3, 5, 127
List the prime factors of ((-14932)/10 + 1)/((-726)/55 - -13).
3, 829
Suppose -2*m = 18*k - 16*k - 3272, 0 = 4*m - k - 6554. Suppose -11*q + 5*q + m = 0. List the prime factors of q.
3, 7, 13
Let s = 64 - 64. Suppose s = 3*p - 1392 + 213. What are the prime factors of p*((-2)/(-4))/((-3)/(-2))?
131
Suppose -r + 3*b + 42029 = 0, 33*r - 9*b - 84073 = 31*r. What are the prime factors of r?
2, 7, 3001
Let v = 4126 - 3316. List the prime factors of v.
2, 3, 5
Let g be (16/32)/((-15)/8 + 2). Suppose -4*c + 1528 = g*c. List the prime factors of c.
191
Let w be (-1*(-6)/4)/((-6)/(-1380)). Suppose -4*o = y - 357, 2*y - 1041 + w = o. List the prime factors of y.
349
Let f(d) = -19*d - 15. Let s be f(-8). Suppose -g = -131 - s. List the prime factors of g.
2, 67
Let d = 4727 - 2700. List the prime factors of d.
2027
Suppose 0 = -m - 0*m + 88. Let v be m/24 - (4/(-3) - -1). Suppose -2*f - 2*l + 178 = 0, 5*f + v*l - 156 = 289. List the prime factors of f.
89
Let n(j) = -20*j - 38. Let d be n(-2). Suppose -o = -f + 217 + 151, 2*f - 748 = -d*o. What are the prime factors of f?
7, 53
Suppose -392674 - 502110 = -22*s. What are the prime factors of s?
2, 31, 41
Let u(x) = -160*x + 186. Let l be u(-7). Let p = -831 + l. What are the prime factors of p?
5, 19
Suppose -6*g + g + 3*q + 20 = 0, 0 = -4*q. Suppose 4*r + 108 = 84. What are the prime factors of 3 + g/(-12) + (-2)/r?
3
Let c be (223 - 1*-1) + 2 + -6. Let f = c + -64. List the prime factors of f.
2, 3, 13
Let w = 8238 - -489. List the prime factors of w.
3, 2909
Let m = 437 - 214. Let k(q) = q**3 + 3*q**2 - 15*q + 20. Let a be k(-6). Suppose -a*t + 3*v + 476 = 0, m = t - v - 17. List the prime factors of t.
2, 61
Let f be -51*1/((-3)/20). Suppose 4*l - 6*h + 2*h = 676, h + f = 2*l. What are the prime factors of l?
3, 19
Let o(l) = -144*l - 1329. List the prime factors of o(-49).
3, 23, 83
Let m be (-5)/(-15) + 25197/9. Suppose 0 = -f + 6*f - m. List the prime factors of f.
2, 5, 7
Suppose 2349442 = 196*f - 8228678. What are the prime factors of f?
2, 3, 5, 7, 257
Let u(f) be the third derivative of f**5/60 + 5*f**3/2 + 675*f**2. Let h = 18 - 10. What are the prime factors of u(h)?
79
Let q = 603 - 592. Suppose 5*p = 2*l + 3607, 9*p - l = q*p - 1441. What are the prime factors of p?
7, 103
Let g(a) be the first derivative of 5*a**3/3 - 17*a**2 + a - 182. What are the prime factors of g(8)?
7
Let i be 86/(-8) - (-1)/(-4). Let c = i - -5. What are the prime factors of 80 + 6*3/c?
7, 11
List the prime factors o